r is divided by 71?
68
Let a be (-6)/(3 + 90/(-24)). Suppose 1 = -7*m + a. What is the remainder when 11 is divided by m?
0
Suppose -237*i + 9623 = -1753. Calculate the remainder when i is divided by (-4)/(-18) - 345/(-27).
9
Let t be (-50)/(-60)*87*6/5. Suppose 94*q - t*q - 441 = 0. What is the remainder when q is divided by 32?
31
Let a = 455 + -409. What is the remainder when 252 is divided by a?
22
Suppose -3140 = -25*s + n, -116*s + 650 = -111*s + 2*n. What is the remainder when s is divided by (35/2)/(2/4)?
21
Let h be 290/22 + -5*4/110. Let t(v) = -v**3 + 15*v**2 - 23*v - 6. Suppose -59 = -u + 105. Calculate the remainder when u is divided by t(h).
32
Let i = 2762 - 2228. What is the remainder when i is divided by 130?
14
Suppose -12161 - 34246 = -31*a. What is the remainder when a is divided by 75?
72
Suppose -18*o + 8835 = 506*o - 13140 + 1015. Suppose -d - 5 = -2*d. What is the remainder when o is divided by d?
0
Let t(p) = 23*p - 31. Let z be t(10). Let j = 209 - z. Let f = 24 - 8. Calculate the remainder when f is divided by j.
6
Let y be (4/2)/(2/104). Let r = -60 + y. Let n(p) = -p**3 + 7*p**2 + 8*p + 9. Calculate the remainder when r is divided by n(8).
8
Let r(f) = -f**3 + 4*f**2 + 11*f - 6. Let t be r(5). Suppose 10*c + 280 = t*c. Calculate the remainder when 197 is divided by c.
17
Let t(r) = -2*r - 30. Let a be t(-17). Suppose 31 = p - 3*u, 5*u = -a*p + 149 - 25. Calculate the remainder when 56 is divided by p.
25
Suppose 277*l + 4*a - 22 = 276*l, -3*a = -5*l + 179. What is the remainder when l is divided by 13?
8
Let r(a) = 2*a - 5. Suppose -224 = 5*h + 2*h. Let u = h - -53. What is the remainder when u is divided by r(8)?
10
Let i be (-720)/(-32)*2/3. Suppose -4*f + d = -4 - 105, -5*d + i = 0. Calculate the remainder when 33 is divided by f.
5
Let x(a) = -367*a - 4721. What is the remainder when 156 is divided by x(-13)?
6
Let r(p) = -p**3 - 6*p**2 + 6*p - 3. Let b be r(-10). Let d = b - 333. What is the remainder when 94 is divided by d?
2
Suppose -14*q = -10*q - 332. Calculate the remainder when q is divided by ((-90)/(-20))/(6/(-28)*-1).
20
Let c(o) = -o**3 - 13*o**2 + 3*o + 3. Let n be c(-14). Let f = 192 - n. What is the remainder when f is divided by 4/(-6) - 56/(-3)?
17
Let w(h) = -h**3 - 9*h**2 - 10*h + 16. Suppose 6 = -2*q, -332*j + 2*q = -335*j + 300. Calculate the remainder when j is divided by w(-8).
6
Let m(g) = g**2 - g + 2. Suppose 3*j + 5*t - 600 = 0, 3*j + 2*t - 545 - 64 = 0. Let k = j + -203. What is the remainder when m(4) is divided by k?
0
Let v = -506 - -2240. Calculate the remainder when v is divided by 7.
5
Let h = -17538 - -17573. Let v(x) = 8*x + 14. Calculate the remainder when v(10) is divided by h.
24
Let d(l) = l**2 + 15*l + 54. Let z = -280 - -266. Calculate the remainder when d(z) is divided by 17.
6
Suppose -7720 - 2913 = 31*r. Calculate the remainder when 0 + 0 - r/(8 + -1) is divided by 4.
1
Let w(t) = -17*t**3 + t**2 + 3*t + 2. Let i be w(-1). Suppose -2*o + 4 = 2*r, 0 = o + 3*o + r - i. What is the remainder when 65 is divided by (o - 5) + 2 + 31?
32
Suppose -l = -8*b + 5*b - 3, -5*l - 4*b + 91 = 0. Let n = 861 - 398. What is the remainder when n is divided by l?
13
Suppose -516 = -21*v + 315 + 954. Calculate the remainder when 764 is divided by v.
84
Let c = -1107 - -1189. What is the remainder when 1967 is divided by c?
81
Let s = 1626 - 1585. Suppose 14*z = 15*z + 5*v - s, -4*v - 68 = -z. Let o(p) = 3*p**3 + 4*p**2 - 4*p + 4. What is the remainder when o(3) is divided by z?
53
Let u(t) = 718*t**3 - 6*t**2 - 17*t + 18. Calculate the remainder when u(1) is divided by 156.
89
Let x(u) be the third derivative of -u**4/12 + 7*u**3 - u**2 - 48. What is the remainder when 636 is divided by x(-11)?
60
Let u(p) = 4*p**3 - 18*p**2 - p + 29. Calculate the remainder when 137 is divided by u(5).
63
What is the remainder when (2/(-3))/(3*14/(-12852)) is divided by 60?
24
Let d be (-18)/10 + 7952/5040 + (-4)/(-18). Suppose p + 175 = 2*p. Let f = d + p. Calculate the remainder when f is divided by 44.
43
Let w be ((-63)/(-168))/((-2)/(-48)) - -2. Suppose 0 = 4*n - 2482 + 482. Suppose -n = c - w*c. Calculate the remainder when c is divided by 19.
12
Suppose -h = -2*h + 3. Suppose 2*m - h*m = -3. Suppose -5*s + 5*u = -45, 0*u + 67 = 3*s + 5*u. Calculate the remainder when s is divided by m.
2
Suppose 3*y = -4*t + 67, 0 = -4*y - 2*t + 139 - 43. Let q(s) = 76*s**2 + 1518*s - 37. Calculate the remainder when y is divided by q(-20).
1
Let c(j) = -2*j**3 - j**2 - j - 1. Let f(s) = -13*s**3 - 23*s**2 - 22*s + 15. Let w(n) = -6*c(n) + f(n). What is the remainder when w(-16) is divided by 5?
1
Suppose 43*l = 28*l + 2250. Calculate the remainder when 1341 is divided by l.
141
Suppose -168*t + 77828 = -47*t - 55998. Calculate the remainder when t is divided by 21.
14
Suppose c = 6*c, -u + 5 = 5*c. What is the remainder when (1/((-30)/456))/((-1)/u) is divided by 20?
16
Suppose 242*r - 245*r = -3*k - 93, 3*k = r - 55. Suppose -l + 2*l - 5*j = 26, 0 = 4*l - 4*j - 136. Calculate the remainder when l is divided by r.
17
Let r = -29 + 33. Suppose -5*i - 5 = r*v, -3 - 1 = -2*v + 4*i. Suppose -2*u + 2*b = -v*u - 30, 2*u = -5*b - 5. Calculate the remainder when 46 is divided by u.
6
Let x = 6278 - 6246. What is the remainder when 567 is divided by x?
23
Suppose 25*d + 11 = 3461. Suppose -127 = -4*o + t + d, -4*t = 2*o - 146. Calculate the remainder when o is divided by 35.
32
Let z = -30 + 24. Let y(j) = 2*j + 14. Let k be y(z). Suppose 12*l - 126 = -k*l. Calculate the remainder when 12 is divided by l.
3
Let r(x) = -68*x - 1005. Calculate the remainder when r(-17) is divided by 11.
8
Let g = 6782 - 6185. Calculate the remainder when g is divided by 75.
72
Let c = -25 - -29. Suppose 3*j = -3*x + c*j + 130, j + 214 = 5*x. Let v(s) = 4*s + 1. Calculate the remainder when x is divided by v(2).
6
Let i(l) = 4*l**2 + 16*l - 58. Let f be i(8). Let d = -306 + f. What is the remainder when 95 is divided by d?
15
Suppose 0 = -2*k + 4*n + 90, -10*k - 2*n - 233 = -15*k. Calculate the remainder when k is divided by -1 - 1 - (-57)/3.
13
Let h(u) = 2*u**2 - 12*u**3 - 3*u - 74 - 79 + 148. What is the remainder when 36 is divided by h(-1)?
0
Suppose 3*s = -3*p + 48, 0 = 6*p - 7*p + 1. Suppose 4*g - 45 = -3*l - 2*l, 3*l = 2*g + 5. Calculate the remainder when s is divided by g.
0
Suppose 3*r + 163 = 592. Suppose -4*b + 3*i = -11 - 170, -b + 34 = -3*i. What is the remainder when r is divided by b?
45
Suppose -52*q - 738 + 3234 = 0. Let k = -10 - -3. Let j(c) = -c**3 - 6*c**2 + 7*c + 9. Calculate the remainder when q is divided by j(k).
3
Suppose -425 = -2*f + f. Suppose 0 = 72*o - 77*o + f. What is the remainder when o is divided by 11?
8
Let h = -286 + 812. Let q = -311 + h. Let g = q - 141. Calculate the remainder when g is divided by 11.
8
Let h(p) = -2*p**2 + 69*p + 15. What is the remainder when 1377 is divided by h(33)?
9
Let b(p) = -p**2 + 7*p + 5. Let f be b(5). Suppose -39 + f = y. Let d = 85 + y. Calculate the remainder when 238 is divided by d.
55
Suppose 38520 = 15*g + 45*g. Calculate the remainder when g is divided by 631.
11
Let o = 596 - 573. What is the remainder when 182 is divided by o?
21
Let a = -477 - -481. Suppose -26*z = -a*z - 440. Calculate the remainder when 36 is divided by z.
16
Let g(y) = y**3 + 12*y**2 - 4*y - 34. Let a = 146 + -129. What is the remainder when g(-8) is divided by a?
16
Suppose 16*i + 26*i = -18*i + 12780. What is the remainder when 223 is divided by i?
10
Let f(k) = 4*k**2 - 19*k + 8. Let q(n) = 5*n**2 - 19*n + 9. Let b(l) = -6*f(l) + 5*q(l). Calculate the remainder when b(-21) is divided by 10.
9
Let n(k) = -442*k - 10532. What is the remainder when 9516 is divided by n(-31)?
6
Suppose 2*s + 1198 = 4*p, 9*p - 8*p + 4*s - 295 = 0. Suppose -107*r + 94*r = -p. What is the remainder when 68 is divided by r?
22
Let r = -6 + 14. Suppose 4*l + 25*l = 87. Calculate the remainder when r is divided by -8 + 9 + (l - -1).
3
Calculate the remainder when 809 is divided by 218457/(-279)*3/(-9).
26
Calculate the remainder when 15 is divided by (2490/(-664))/(2/(-8)).
0
Let j = -4009 - -4490. Calculate the remainder when j is divided by 238.
5
Let m be 0 - ((-16)/4 - 0). Let h = 1 + m. Suppose 126 = 1